3 a prime number?
False
Is 131571907 composite?
False
Is 34360351 prime?
True
Is 4710931 prime?
False
Is 240600067 a composite number?
False
Is 3075377 a composite number?
False
Is 57092251 a prime number?
True
Is 11682277 composite?
False
Is 26813741 a prime number?
False
Is 693711683 prime?
False
Is 93827549 a composite number?
False
Is 4337611 composite?
True
Is 5981797 prime?
True
Is 3296119 composite?
False
Is 331442053 composite?
False
Is 12023119 prime?
True
Is 35788231 a composite number?
True
Is 2258849 a prime number?
False
Is 5052469 composite?
False
Is 129175879 composite?
True
Is 132586079 prime?
False
Is 1480261 composite?
False
Is 89511589 composite?
False
Is 11182169 a composite number?
False
Is 15668417 prime?
False
Is 157898371 a prime number?
False
Is 292956541 composite?
True
Is 23447297 composite?
True
Is 129901829 a composite number?
False
Is 7969942 composite?
True
Is 4368307 a composite number?
False
Is 336833 prime?
False
Is 1176509281 a prime number?
True
Is 14264931 a composite number?
True
Is 14154901 composite?
False
Is 8588581 composite?
True
Is 3957883 a prime number?
True
Is 13970059 composite?
False
Is 3069037 composite?
False
Is 135981943 prime?
False
Is 23471359 a composite number?
False
Is 532924759 a prime number?
False
Is 5002181 prime?
False
Is 2681999 a composite number?
True
Is 193700909 prime?
True
Is 3617951 a prime number?
True
Is 74838293 prime?
True
Is 10718569 prime?
False
Is 18214547 composite?
True
Is 1318579 composite?
False
Is 2248991 a composite number?
False
Is 609421 a prime number?
True
Is 4030009 a prime number?
False
Is 4084303 composite?
False
Is 15521477 prime?
True
Is 19324297 a prime number?
False
Is 3018559 a prime number?
True
Is 34766413 prime?
False
Is 5239831 prime?
False
Is 3031867 composite?
False
Is 1280941 a composite number?
True
Is 1882667 a prime number?
True
Is 271726529 a prime number?
True
Is 13066751 a composite number?
False
Is 80497 a composite number?
True
Is 20573627 prime?
True
Is 18252797 prime?
True
Is 10730455 composite?
True
Is 439217 a composite number?
False
Is 182337473 prime?
True
Is 434009 prime?
True
Is 34440607 composite?
False
Is 4045721 prime?
True
Is 13803089 composite?
False
Is 38965811 composite?
False
Is 287546885 composite?
True
Is 1778633 a composite number?
False
Is 156561863 composite?
False
Is 9884255 composite?
True
Is 58218379 a prime number?
False
Is 276462479 a composite number?
False
Is 2408369 a composite number?
True
Is 87105883 prime?
True
Is 357073 a composite number?
False
Is 110405341 composite?
False
Is 4866919 a prime number?
True
Is 1770551 composite?
False
Is 3806969 a composite number?
True
Is 116304911 composite?
True
Is 94467727 a prime number?
False
Is 81969119 composite?
False
Is 140654713 composite?
True
Is 567764333 composite?
True
Is 2165857 composite?
False
Is 24055429 a composite number?
False
Is 4995373 a prime number?
True
Is 7605031 a composite number?
True
Is 1012967 a composite number?
False
Is 11034797 prime?
True
Is 95450287 composite?
False
Is 25338265 composite?
True
Is 13104653 prime?
False
Is 13425199 a prime number?
False
Is 20150237 composite?
True
Is 75460321 a prime number?
True
Is 499458695 a prime number?
False
Is 25584781 prime?
False
Is 19484191 a composite number?
False
Is 164152847 a composite number?
True
Is 24150947 a prime number?
False
Is 3786899 prime?
True
Is 3216403 prime?
True
Is 20419187 a prime number?
False
Is 10606043 composite?
True
Is 6807071 a prime number?
False
Is 5609495 a prime number?
False
Is 1676813 a prime number?
True
Is 8513031 a prime number?
False
Is 7470269 prime?
False
Is 53179447 a composite number?
False
Is 470599945 a composite number?
True
Is 2042149 a prime number?
True
Is 122422 composite?
True
Is 3756703 a prime number?
True
Is 47121019 composite?
True
Is 31923487 a prime number?
False
Is 12729121 prime?
False
Is 5889745 a prime number?
False
Is 5382241 prime?
True
Is 8345279 a prime number?
True
Is 346613 a prime number?
False
Is 233306327 prime?
True
Is 20040049 a composite number?
False
Is 6295097 composite?
False
Is 146677057 composite?
False
Is 47999881 a prime number?
False
Is 764759 a prime number?
False
Is 40082971 a prime number?
True
Is 21130139 a prime number?
False
Is 16233977 a prime number?
True
Is 10767439 prime?
False
Is 116471269 composite?
False
Is 76196167 a prime number?
False
Is 103245647 a composite number?
True
Is 10139839 composite?
True
Is 7454357 composite?
False
Is 19983221 composite?
False
Is 4572599 composite?
True
Is 46529381 a prime number?
True
Is 8743223 composite?
True
Is 100100699 prime?
False
Is 8621551 a prime number?
True
Is 97128923 prime?
False
Is 539135 prime?
False
Is 143605927 composite?
True
Is 38623987 a prime number?
True
Is 360462383 a prime number?
True
Is 105806557 prime?
True
Is 5479373 a prime number?
False
Is 656917 composite?
False
Is 126769 a composite number?
True
Is 19435837 prime?
True
Is 53018827 prime?
True
Is 2010169 a prime number?
False
Is 32254801 a prime number?
True
Is 38482247 a composite number?
False
Is 809719 a composite number?
False
Is 4944803 prime?
True
Is 1019929 a prime number?
False
Is 57412331 a composite number?
True
Is 14149411 prime?
False
Is 3073823 prime?
False
Is 3877883 a composite number?
True
Is 1039819 composite?
True
Is 58588823 prime?
False
Is 2401409 a prime number?
True
Is 11866861 a prime number?
True
Is 9278519 a composite number?
True
Is 184645273 a prime number?
False
Is 27062261 composite?
False
Is 48395089 prime?
True
Is 1813153 prime?
False
Is 1841809 a prime number?
False
Is 100388663 composite?
True
Is 1357651 prime?
True
Is 157745311 a prime number?
True
Is 41808079 composite?
True
Is 2861329 a composite number?
True
Is 2193605 prime?
False
Is 8382613 a composite number?
True
Is 44747231 a prime number?
True
Is 66246211 a composite number?
True
Is 73302717 prime?
False
Is 12171617 composite?
False
Is 5228891 a prime number?
False
Is 596969177 a composite number?
True
Is 8600881 a composite number?
False
Is 213962039 a composite number?
False
Is 15638207 prime?
False
Is 399043 a composite number?
False
Is 3529583 a composite number?
False
Is 21207997 a composite number?
False
Is 184823 composite?
False
Is 2346769 composite?
False
Is 708641 prime?
True
Is 31237021 a composite number?
False
Is 689895983 composite?
True
Is 1885813 prime?
False
Is 30505883 a prime number?
False
Is 969611 a prime number?
False
Is 1553863 a prime number?
False
Is 1582673 a prime number?
True
Is 230768707 composite?
True
Is 301151 a composite number?
True
Is 33630143 a prime number?
False
Is 2363443 a prime number?
False
Is 209213 composite?
False
Is 11986241 a prime number?
False
Is 1470251 composite?
False
Is 574663 a prime number?
False
Is 29516257 prime?
True
Is 50051753 a prime number?
True
Is 26204033 a prime number?
True
Is 5654867 a prime number?
False
Is 14787893 composite?
False
Is 1959757 a prime number?
False
Is 97319 prime?
False
Is 560753 a prime number?
True
Is 540580057 composite?
False
Is 34849583 composite?
False
Is 255600039 a composite number?
True
Is 7506073 prime?
False
Is 23983247 prime?
True
Is 403951459 a prime number?
False
Is 4070783 a prime number?
False
Is 4359233 a composite number?
False
Is 2271691 composite?
True
Is 5170621 prime?
False
Is 126145 a prime number?
False
Is 145751 prime?
False
Is 705064603 a composite number?
False
Is 71848331 composite?
True
Is 9562037 a composite number?
True
Is 71887561 a prime number?
True
Is 31373071 a composite number?
False
Is 82537357 a prime number?
False
Is 20543849 a prime number?
True
Is 492131669 composite?
False
Is 1105943 a prime number?
True
Is 221245001 prime?
True
Is 585313 composite?
False
Is 8822717 a prime number?
True
Is 16610219 composite?
False
Is 1142987 a composite number?
True
Is 59188921 a composite number?
True
Is 1206151 composite?
False
Is 1968193 composite?
False
Is 19508051 composite?
False
Is 624939517 composite?
True
Is 17704213 composite?
True
Is 729527 composite?
False
Is 1493759 a composite number?
False
Is 416653967 a prime number?
False
Is 5505869 a prime number?
True
Is 66837349 a composite number?
True
Is 53073347 prime?
True
Is 2048663 prime?
True
Is 5772001 prime?
False
Is 758